95
In base 6, what is -232 - -2230430?
2230154
In base 15, what is 2 - 2c224a7?
-2c224a5
In base 9, what is -12521547 - 3?
-12521551
In base 12, what is -76 - -53949?
53893
In base 7, what is -13204152 - 25?
-13204210
In base 15, what is -402e8 - 172?
-4046a
In base 16, what is -d99e2 - -b?
-d99d7
In base 8, what is -65 - -1524466?
1524401
In base 7, what is -44420143 - 16?
-44420162
In base 11, what is 935 - 5403?
-4579
In base 2, what is -101110011110101111 + 10001000?
-101110011100100111
In base 14, what is 209 + 770b?
7916
In base 3, what is 2220100022122201 + -11?
2220100022122120
In base 10, what is -165143 - 14?
-165157
In base 16, what is -10f9 + 261?
-e98
In base 15, what is -2ed8 + -75?
-305d
In base 8, what is 3 + -5626716?
-5626713
In base 8, what is 47 + -2457431?
-2457362
In base 16, what is -60 + 12351?
122f1
In base 16, what is 6a1 + -80223?
-7fb82
In base 10, what is -293 + -7170?
-7463
In base 8, what is -454167 + 32?
-454135
In base 15, what is c11759 + 6?
c11760
In base 4, what is 2311322 - -1003313?
3321301
In base 14, what is 6aaa2 - -96d?
6b631
In base 15, what is 8c28 - -d1?
8d09
In base 10, what is 1181 - -5431?
6612
In base 3, what is 222200021 - -120010?
1000020101
In base 4, what is -1 + -12300011223101?
-12300011223102
In base 8, what is 242 + 103134?
103376
In base 9, what is 24 - 2075247?
-2075223
In base 10, what is -908012247 - -5?
-908012242
In base 5, what is -33411113 + 34?
-33411024
In base 12, what is -97 - -98691?
985b6
In base 8, what is -301 + -65621?
-66122
In base 13, what is 138a623 + 0?
138a623
In base 12, what is -23aa7402 + 5?
-23aa73b9
In base 5, what is 304241031 + 0?
304241031
In base 15, what is -3 - 2510d9b8?
-2510d9bb
In base 11, what is -8942015 + 0?
-8942015
In base 4, what is -13201231211330 - -1?
-13201231211323
In base 11, what is -104699a - -17?
-1046983
In base 11, what is -7908 - -a65?
-6953
In base 9, what is -76 - -2538213?
2538126
In base 8, what is 14335 - -20350?
34705
In base 12, what is -52726b706 - 4?
-52726b70a
In base 5, what is -40044000 - 30113?
-40124113
In base 3, what is 0 - -12212022100122?
12212022100122
In base 4, what is -1131101203312 + -10?
-1131101203322
In base 10, what is -4595690 - 2?
-4595692
In base 2, what is 1001011100100 + -101111?
1001010110101
In base 13, what is 178277 + 35?
1782ac
In base 15, what is 6381 + 202?
6583
In base 6, what is -10 + -4122245130?
-4122245140
In base 2, what is -11 + 11010110101111011010?
11010110101111010111
In base 3, what is -1220 - -11202211121122?
11202211112202
In base 7, what is -1640 - 213233?
-215203
In base 5, what is 1 - 43044312443?
-43044312442
In base 11, what is -5 + -3a4021?
-3a4026
In base 10, what is -305 - -27759?
27454
In base 12, what is 1945648 + -5?
1945643
In base 13, what is 225c282 - -3?
225c285
In base 3, what is -1 + 211120020100211?
211120020100210
In base 13, what is 2 - -3169acc?
3169b01
In base 11, what is -123a67 + -550?
-124507
In base 4, what is -22 - 132110130?
-132110212
In base 6, what is -22 + 5343520?
5343454
In base 16, what is 1d + 29724d?
29726a
In base 2, what is -101011 - -11010000100100011000001?
11010000100100010010110
In base 16, what is -3 - 37237f7?
-37237fa
In base 13, what is 3 - 1633aa3?
-1633aa0
In base 8, what is 3260061 - 17?
3260042
In base 13, what is -61c716 + -5?
-61c71b
In base 14, what is 3b - -68cc5?
68d22
In base 4, what is 2 + -2310213121323?
-2310213121321
In base 10, what is -123598 + -23?
-123621
In base 13, what is -5a7 + -4a7a?
-5354
In base 14, what is -11a + -49dd9?
-4a115
In base 11, what is 5 + 340316aa?
34031704
In base 7, what is 1425245 - 10?
1425235
In base 15, what is -5 - 1587a5d?
-1587a63
In base 15, what is -195c1c + b?
-195c11
In base 6, what is 353 - -1444442?
1445235
In base 7, what is -2 - -16143000?
16142665
In base 8, what is -5021350 + 3?
-5021345
In base 7, what is -111431 + 4121?
-104310
In base 12, what is 0 - -1a94a223?
1a94a223
In base 15, what is -5 - -340e16?
340e11
In base 5, what is -43230 + 222303?
124023
In base 9, what is -745550 - 2?
-745552
In base 14, what is 13c05 + -83d?
133a6
In base 9, what is 1251830 - -551?
1252481
In base 10, what is 2 - 13994748?
-13994746
In base 15, what is 3 + 122ea672?
122ea675
In base 13, what is -a63 - 1314?
-2077
In base 14, what is -50c - -11b91?
11683
In base 13, what is -5a85 - 12cca?
-18a82
In base 8, what is 51340020 - -1?
51340021
In base 2, what is 1101010010000 - 110001101000?
111000101000
In base 9, what is -2770002 + -3?
-2770005
In base 5, what is 4223113 - -332022?
10110140
In base 13, what is -72 + 16b449?
16b3a7
In base 11, what is 41542 - 85?
41468
In base 3, what is 2220202021 - -11002000?
10001211021
In base 16, what is -8395 - f4?
-8489
In base 8, what is 40402 + -5064?
33316
In base 11, what is -77 - -22516?
2244a
In base 5, what is 13233243 - -3132?
13241430
In base 10, what is 1381426 + -32?
1381394
In base 6, what is 114 + -420550312?
-420550154
In base 2, what is -11 + 101100001011010001100?
101100001011010001001
In base 10, what is -1301 + 43213?
41912
In base 12, what is aa1 + -3451?
-2570
In base 9, what is 16 - -5616361?
5616377
In base 16, what is -193 - 3eb?
-57e
In base 11, what is 3 - -2234383?
2234386
In base 6, what is -2150 - 3440541?
-3443131
In base 3, what is 1020 + 120101012200011?
120101012201101
In base 12, what is -b0b9027 + -4?
-b0b902b
In base 13, what is -2b13 - 1813?
-4626
In base 7, what is -134614 + -36?
-134653
In base 7, what is -305315 + -2136?
-310454
In base 2, what is -10001000000110000000 - -1001100?
-10001000000100110100
In base 11, what is -7a568083 + -4?
-7a568087
In base 7, what is -110101012 + 2?
-110101010
In base 16, what is 4 - 16ea5bc?
-16ea5b8
In base 6, what is 5312033255 - 4?
5312033251
In base 11, what is -12 - 14221138?
-1422114a
In base 13, what is -119 - 17627?
-17743
In base 2, what is 1010 - -10100101010101011001110000?
10100101010101011001111010
In base 6, what is 1033502504 + -1?
1033502503
In base 16, what is -3 - -a6c6f6?
a6c6f3
In base 7, what is -20335441050 - 3?
-20335441053
In base 9, what is 783 - 16071?
-15177
In base 7, what is 0 - 10065324?
-10065324
In base 14, what is 4614b5 + 14?
4614c9
In base 12, what is -41701a1 + 2?
-417019b
In base 4, what is 120130 + -2200322323?
-2200202133
In base 2, what is -110110 - -101010011000110010001?
101010011000101011011
In base 10, what is 60200 + 70?
60270
In base 14, what is -b9 + -54d0?
-55a9
In base 7, what is -645 - -151314?
150336
In base 9, what is -4 - 3802177?
-3802182
In base 14, what is 14 - 240cc9?
-240cb5
In base 12, what is -18 + -23628358?
-23628374
In base 7, what is -200 - 63632?
-64132
In base 10, what is -6 - -43384?
43378
In base 14, what is -2d3 + -133075?
-133368
In base 11, what is -2 - 19327297?
-19327299
In base 4, what is -1000 - -2031120133?
2031113133
In base 8, what is 60 - 447425?
-447345
In base 11, what is -147054 - -104?
-146a50
In base 6, what is 1133 + 3425451?
3431024
In base 8, what is 17376756 - -2?
17376760
In base 8, what is 22765602 + -2?
22765600
In base 4, what is 0 - 20111133102213?
-20111133102213
In base 6, what is -355 + -4105310?
-4110105
In base 8, what is -14766545511 + 4?
-14766545505
In base 16, what is 1ee0 - -80fe?
9fde
In base 3, what is -1100201121021 - 100101?
-1100201221122
In base 16, what is 5185bb5 - -5?
5185bba
In base 4, what is -32211003033 + -30?
-32211003123
In base 14, what is 439743 - 3?
439740
In base 9, what is 3 - 2386077?
-2386074
In base 8, what is -261 - 203205?
-203466
In base 5, what is -11131334330 + -4?
-11131334334
In base 10, what is -14 - 400054?
-400068
In base 10, what is -2157126 + -45?
-2157171
In base 4, what is -2 + 10123212003?
10123212001
In base 16, what is -3dd73 - -2f?
-3dd44
In base 3, what is 21 + -11020022002212?
-11020022002121
In base 12, what is 340353 - 1a?
340335
In base 13, what is -8caa09 - -43?
-8ca996
In base 6, what is 30343254 + -2410?
30340444
In base 10, what is -18626212 + -1?
-18626213
In base 15, what is -21c3a - 210?
-21e4a
In base 15, what is 7 - 155e488?
-155e481
In base 3, what is 2100210 - 10011212000?
-10002111020
In base 12, what is 1b + 227785?
2277a4
In base 13, what is 137a1 + -16b4?
120ba
In base 10, what is 34 - 1371237?
-1371203
In base 13, what i